 b = 33 - f. Is b composite?
False
Let o = -52 - -209. Is o composite?
False
Let i(v) = -v**3 + 2*v**2 + 6*v + 6. Let r be i(-4). Is (9/6)/(9/r) prime?
True
Let y(b) be the second derivative of -b**3/6 + b**2 + 4*b. Let t be y(-3). Let x(k) = 2*k. Is x(t) prime?
False
Let i(u) = -46*u + 10. Is i(-16) prime?
False
Let m = 141 + -31. Suppose 0*u - m = -2*u. Suppose 7 = a - u. Is a prime?
False
Let d(o) = -o**2 - 5*o - 5. Let b be d(-5). Let w(h) = h**3 + 5*h**2 - h - 2. Let z be w(b). Suppose z*f - 3 = 2*f. Is f a composite number?
False
Let b(l) = 107*l**2 - 16*l - 50. Is b(-6) prime?
False
Suppose -t + 3*n = -n + 19, -5*n + 20 = 0. Let i(l) = -2*l. Let j be i(t). Suppose -r - 82 = -5*b - 5*r, -j = -2*r. Is b prime?
False
Let o = 35 - 21. Let y(w) = 4*w + 5. Let l be y(-4). Let k = o - l. Is k prime?
False
Suppose 88 = 3*f - 2*w - 267, -w - 236 = -2*f. Let v = -38 + f. Is v composite?
False
Suppose -12*w = -8*w - 24. Is w prime?
False
Suppose 3*x + 103 = -5*w - 24, w = -5*x - 219. Let p = x + 77. Is p prime?
False
Let c(x) = 45*x + 3. Let l be c(6). Let t = l - 88. Is t a prime number?
False
Let v(q) = 92*q**2 + 4*q + 15. Is v(5) a prime number?
False
Suppose -7*r + 2*r + 5*k = -350, 4*k + 211 = 3*r. Is r composite?
True
Let u(w) = w**2 + 5*w + 1. Let r be u(-3). Let p be (1 - -1)*-34 - -2. Is p/10*r/1 composite?
True
Suppose -b + 0 + 5 = 0. Suppose 0 = 2*c + 2*w - 13 - 9, b*w = c - 23. Is c composite?
False
Let b be 0/(1/1 + 1). Suppose -5*w = -b*z + z - 22, -4*w + 47 = 5*z. Is z prime?
True
Suppose 98 = 6*g - 2*g - c, -5*g + 5*c = -115. Suppose i = -4*i + g. Is (i/10)/((-1)/(-42)) composite?
True
Let m be (6/3)/((-6)/(-9)). Suppose -58 = -3*u + 2*u - m*d, 2*d = 2. Is u prime?
False
Suppose -r - 4*r = -15. Is 24 - (r + -1 - -1) a prime number?
False
Let p be 0 + 1740/(5 - 2). Is (-18)/15*p/(-8) composite?
True
Let x(w) = -w**2 + 7*w - 3. Let m be (1 - (0 + 6))/(-1). Is x(m) composite?
False
Let v(d) = 3*d**2 - 2*d + 6. Let o be v(6). Let m = o - 56. Is m a prime number?
False
Suppose -2833 = -15*n + 1922. Is n a prime number?
True
Let z = 4 - 7. Let x be -8*(-2 - z/2). Suppose 61 = x*y - 271. Is y a composite number?
False
Let n(i) = 2*i**3 + 7*i**2 - 7*i + 8. Let z be n(-6). Let q = z - -549. Is q a composite number?
False
Let d(l) be the third derivative of -41*l**4/24 + 5*l**3/6 + l**2. Is d(-6) composite?
False
Let f(m) be the first derivative of 27*m**4/4 + m**3/6 + 3*m**2/2 - 2. Let w(o) be the second derivative of f(o). Is w(1) a composite number?
False
Let y(o) = -2*o - 3. Let s be y(-9). Suppose 51 = q - 2*g, 3*g - s = -3. Is q prime?
True
Let j(f) = -f - 3. Let t be j(-3). Suppose 0*r + 2*r - 20 = t. Is r composite?
True
Suppose 71 + 798 = z + 2*f, 0 = 4*z + 4*f - 3496. Is z prime?
False
Let l be (1/(-3))/(1/3). Is -3 + (2 + 55 - l) a composite number?
True
Let f(h) = -h**2 - h + 3. Let q = 0 + 0. Let w be f(q). Suppose k + w*k - 40 = 0. Is k prime?
False
Let z be ((-63)/28)/((-1)/28). Suppose -3*i + z = -0*i. Is i a prime number?
False
Let s(z) = -419*z**3 + 2*z + 2. Is s(-1) prime?
True
Suppose 4*v + 4*r = 3*v + 207, 3*r = -v + 203. Is v a composite number?
False
Let o = -17 + 12. Let d = o + 9. Suppose 2*l + d = 10. Is l a composite number?
False
Let p(h) = -4*h + 4 - h - 13 + 11*h**3. Let j(f) = 5*f**3 - 2*f - 4. Let l(d) = 5*j(d) - 2*p(d). Is l(2) a prime number?
False
Suppose -393 = -a - 3*t, a + t - 300 = 85. Is a prime?
False
Suppose -a + 445 = -2*j - 150, 0 = -a + 3*j + 597. Is a a composite number?
True
Suppose -4*v + 5 + 11 = 0. Let o(t) = t**3 - 3*t**2 + t + 5. Is o(v) a prime number?
False
Let r be (-1 - 2 - -2) + -632. Is (r/6)/(1/(-2)) a prime number?
True
Suppose -122 = -5*c - 3*k, -3*k - 2*k - 2 = -c. Is c prime?
False
Let l = -233 + 688. Suppose 5*n - 4*c = 627, -4*n + 43 + l = -5*c. Is n a composite number?
False
Let f = 15 - -6. Is f prime?
False
Let l(g) = 2*g**2 - 1. Suppose 2*x = 2*s - 0 + 6, s = -5*x + 9. Is l(x) a composite number?
False
Let w(y) = -595*y - 16. Is w(-2) composite?
True
Let f(l) = -18*l**3 + l**2 - 1. Let m be f(-1). Is m - (-4 - (-2)/2) composite?
True
Let d(p) = p**3 - 7*p**2 + 5*p - 2. Let b be d(3). Let w = 53 + b. Suppose 0 = 5*u - 4*z + 5*z - 63, -w = -2*u + 2*z. Is u a composite number?
False
Let o(x) = 10*x**2 - 9*x + 2 + 2*x**2 - x - x**3. Is o(11) composite?
False
Suppose 7 = 2*t + 3*x, -2 = 5*x + 3. Suppose -5*i = -15, -t*b - 2*i - i + 44 = 0. Is b prime?
True
Let v be 4/8*(1 - 1). Let q = 10 + v. Is q composite?
True
Suppose 3*h - 30 - 9 = 3*l, -4*h + 43 = -l. Let v = -2 + h. Suppose -3*m + 3*y = 7*y - 73, -2*y = -v. Is m a composite number?
False
Is (-2236)/(-10) + 9/(-15) a prime number?
True
Let c(f) = 2*f**2 + 15*f + 4. Let g be c(-10). Is -2*(-3)/(-6) + g composite?
False
Let h be 2 + -1 - 2/2. Suppose h*m = -m. Is (111 - m) + 0/(-1) a prime number?
False
Suppose 0*g - 948 = -4*g. Is g a prime number?
False
Suppose 4*r = 3*b + 1 - 5, -3 = 3*r + b. Is r*21*(-133)/21 a composite number?
True
Let b = 151 - 6. Is b composite?
True
Suppose -3*j = 2*j. Let k(u) = -u**3 + 2*u**2 + 9*u + 3. Let w be k(-6). Suppose j = h + 2*h - w. Is h a composite number?
False
Suppose q + 0*q = 37. Is q a prime number?
True
Let b be 2/4 - 2/4. Suppose b = -4*t + t + 381. Is t prime?
True
Suppose 14*k = 15*k - 1119. Is k a prime number?
False
Let v = -5 - -2. Let p(f) = f**3 + 2*f**2 - 3*f + 3. Let g be p(v). Suppose 0*n + g = n. Is n a prime number?
True
Let v(o) = -o**2 - 6*o + 4. Let k be v(-8). Let a be 10/6 + (-4)/k. Suppose a*n - 138 = -4*m, -n - 2*m = -5*m - 64. Is n prime?
True
Suppose -3*r = 5*w + 4 + 8, -2*r + 17 = -5*w. Let k = 21 + -11. Let z = k + w. Is z prime?
True
Suppose 3*n - 1277 = -5*i, 5*i - 13 = 7. Is n a prime number?
True
Let g = -137 - -57. Let t be (g/50)/(4/(-10)). Suppose -t*q + 21 = -135. Is q a prime number?
False
Suppose -l + 2*s = 53, 2*l + 3*s = -98 - 22. Is l*(0 - 2/6) a composite number?
False
Suppose 5*s = 10, -4*d - 2*s = -5148 + 1240. Suppose -3*k - 280 = -5*q + d, q - 2*k - 247 = 0. Is q composite?
True
Let v = 5674 + -3471. Is v prime?
True
Suppose 1676 = 4*w - 4*d, -2*w + 1253 = w - 2*d. Is w a prime number?
False
Let z(n) = -11*n + 5. Let w be z(4). Let v = w + 22. Let g = 24 + v. Is g composite?
False
Let j = -663 + 1148. Is j a prime number?
False
Let o = -2 + 4. Let s = 1 + o. Suppose s*a = -2*a + 165. Is a a composite number?
True
Is (6/9)/(2/489) a prime number?
True
Let t be (-2 + 24/9)*3. Let p(j) = -j**3 + 1. Let u be p(t). Is (-324)/u + (-2)/7 a composite number?
True
Let o(c) = -74*c - 45. Is o(-19) prime?
True
Let p = -19 + 54. Let v be (-1 - 0)/(7/p). Let r(l) = -2*l**3 - 7*l**2 + l - 1. Is r(v) a prime number?
False
Suppose -1150 = -3*p - 157. Is p a composite number?
False
Let b = 4 - 4. Suppose p = -b*p - 3. Is (p + 1 - -12) + 0 composite?
True
Let q = 307 + -189. Is q a prime number?
False
Let t(l) = -333*l - 7. Is t(-12) a composite number?
False
Suppose f = 2, -8*f + 12322 = 4*d - 5*f. Is d a composite number?
False
Suppose c + 1359 = 2*s + 2*c, -s + 3*c + 662 = 0. Is s a prime number?
True
Is 5 + (-9)/3 - -63 a composite number?
True
Let i = 306 + -83. Is i prime?
True
Let n = 11 + -8. Let d = n - -94. Is d a composite number?
False
Suppose -5*j + 958 = -3*j. Is j a composite number?
False
Suppose -14 + 6 = -b. Let l(t) = 9*t + 7. Is l(b) composite?
False
Is (-5)/(-10) - (16623/2)/(-3) composite?
True
Let c(v) = -2*v**3 - 2*v**2 + v - 2. Let n be c(-2). Suppose -n*z + 9*z = 590. Suppose -a = -3*u + 2*a + 69, 0 = 5*u - 4*a - z. Is u composite?
True
Let i = -7 + 9. Suppose i*t + 3*t = -160. Let s = 11 - t. Is s prime?
True
Suppose p = -p + 3342. Suppose -i = -4*i + p. Is i prime?
True
Let y(t) = -t + 5*t - 2*t. Let f be y(1). Is f + 0 + (0 - -155) a prime number?
True
Let r(b) = b + 5. Let w be r(4). Is 2/w - (-3835)/117 composite?
True
Let w(a) = -a**2 - 1. Let l(b) = -2*b**2 - 2. Let t(p) = -2*l(p) + 3*w(p). Let m be t(-4). Suppose -11 = -2*j + m. Is j a prime number?
False
Is (-1 - -2)/(17/23783) a composite number?
False
Let f(r) = r - 4. Let o be f(5). Suppose 0*z = 3*x + 5*z - 7, -3*x - z - o = 0. Let m = x - -4. Is m prime?
True
Let o(g) = g - 1. Let l be o(3). Suppose 4*h - l*h + z = 14, 2*z - 23 = -3*h. Suppose -b = -h*q - 57, -1